 is the remainder when z is divided by 0 + 14 + 1/12 + 140/48?
14
What is the remainder when 343 is divided by (-112)/(-196)*903/6?
85
Suppose -33 = 5*l - 8. Let n = -6 - l. Let w(h) = 6*h**2 + h + 1. What is the remainder when w(n) is divided by 2?
0
Let h be ((-22)/3)/((-4)/60). Suppose -h = 8*n - 13*n. Calculate the remainder when 41 is divided by n.
19
Calculate the remainder when 679 is divided by 3/(1*(-9)/(-255)).
84
Let q(a) = a**3 + 2*a**2 - 3*a - 3. Let n be q(-2). Calculate the remainder when 107 is divided by (132/(-18))/(n/(-9)).
19
Suppose 3*x = -0*x - 15, 5*x - 407 = -4*s. Let a = 71 - 43. What is the remainder when s is divided by a?
24
Let o be (4/6)/(8/(-12)). Let v be o/(4 + 63/(-15)). Suppose -v*t = -194 - 111. What is the remainder when t is divided by 21?
19
Suppose 0 = -13*h + 10*h + 120. Suppose 4*t - 95 = -q, -4*q = -t - 203 - 109. What is the remainder when q is divided by h?
39
Suppose -2*s = -3*i + 1831, 14*s - 10*s = 2*i - 1234. Calculate the remainder when i is divided by 29.
27
Let y = -40 + 37. Let c(j) = -j**2 - 4*j + 2. Calculate the remainder when 7 is divided by c(y).
2
Suppose -2*i - 180 = -7*i. Let f = -26 + i. Calculate the remainder when 28 is divided by f.
8
Suppose -9 = 2*o - 51. Let t = o + -14. Calculate the remainder when t is divided by ((-70)/(-42))/((-2)/(-6)).
2
Suppose 2*s = 2*y - 148, -3*y - 2*s - s + 228 = 0. Let z = y - 65. What is the remainder when 27 is divided by z?
7
Let p be (0 - -5) + (-3 - 0). Suppose p*y - 15 = -y. Suppose -h + 5*f + 13 = 0, 5*h - 25 = -0*f + y*f. What is the remainder when 7 is divided by h?
1
Suppose 5 = -5*v, 2*h - v - 4*v = 35. Let c = -6 + h. What is the remainder when 43 is divided by c?
7
Suppose 855 = -15*f + 24*f. Calculate the remainder when 4 + f + -1 + 3 is divided by 21.
17
Let a be 1/(3/(-3) - 0). Suppose -8*g + 10 = -54. Let k = g + a. Calculate the remainder when 18 is divided by k.
4
Suppose 0 = -k - 3*v + 5, -3*v - 57 = -3*k + 2*v. Let m(s) = -s**3 + 4*s**2 + 5*s + 4. What is the remainder when k is divided by m(5)?
2
Let k = -1444 - -1453. What is the remainder when 79/5 - (-3)/15 is divided by k?
7
Calculate the remainder when 129 is divided by (-1404)/(-27) + (-3 - (-2 - -6)).
39
Suppose 6*l - 129 = 807. What is the remainder when l is divided by 40?
36
Let a be (-348)/8*16/(-12). Suppose -11*y + a = -9*y. What is the remainder when y is divided by 20?
9
Suppose 6*u - 3*u = 267. Suppose u + 23 = 4*d. Suppose -194 = -3*m + d. Calculate the remainder when m is divided by 19.
17
Suppose 3*t + 3*q - 8*q = 0, t = -2*q + 11. Suppose 0 = -a + p + p - 97, 10 = -t*p. Calculate the remainder when 43 is divided by (-32)/144 - a/9.
10
Let b = -281 + 331. What is the remainder when 195 is divided by b?
45
Let n(k) = 2*k**2 + 6*k. Calculate the remainder when 1/(-6)*-131 + (-105)/126 is divided by n(-4).
5
Suppose -2*a = -4*y - 176, -2*a = -5*a + y + 269. Let r(s) = -s**2 + 16*s - 17. Suppose -4*d + 19 + 29 = 0. Calculate the remainder when a is divided by r(d).
28
Let u(d) = -d**3 + 15*d**2 - 43*d + 1. Let g = -167 - -236. Suppose -6*y + 3*y + g = 0. Calculate the remainder when u(6) is divided by y.
21
Let j(p) = p - 1. Let a be j(3). Suppose -m - a*m + 21 = 0. Suppose 2*t - 2*r - 8 = 2*r, 5*r = t - 4. What is the remainder when m is divided by t?
3
Let g = 25 - 18. What is the remainder when 82 is divided by g?
5
Suppose 2*d + 39 - 105 = -4*c, -2*c - 5*d = -21. Calculate the remainder when 1024 is divided by c.
16
Let n be 1/(-5) - (-6)/5. What is the remainder when (6 - 3) + 65 - n is divided by 23?
21
Let d = 2362 + -1416. What is the remainder when d is divided by 50?
46
Let q be (16/12)/((-30)/(-9))*-205. What is the remainder when (-4)/(32/q)*(3 - -1) is divided by 12?
5
Let a(t) = t**3 + 8*t**2 - 26*t - 16. What is the remainder when 156 is divided by a(-10)?
24
Calculate the remainder when (-3)/(-4) - ((-1239)/28 + 4) is divided by 16.
9
What is the remainder when -4 + 578 + (2 - 5) is divided by 26?
25
Let a be 238*(1 + (-2)/4). Suppose 51 = -4*q + a. What is the remainder when q is divided by 7?
3
Let l be 104/12 + 1 + 4/(-6). What is the remainder when (-2 - 1)*164/(-6) is divided by (102/(-9))/(2/l*-3)?
14
Let y be (-554)/(-8) + (-7)/28. Suppose a - 2*a + 3 = 0. Suppose 0 = a*s - y + 6. What is the remainder when 61 is divided by s?
19
Let h(k) be the first derivative of 8*k**2 - 77*k + 28. Suppose 0 = -4*q - 4 + 24. What is the remainder when q is divided by h(5)?
2
Suppose -5*i + 5*j + 35 = 0, -5*i = -11*j + 13*j - 49. What is the remainder when 491 is divided by i?
5
Suppose 0 = -5*f + 3*p + p + 226, 4*f + p = 164. What is the remainder when 2055 is divided by f?
39
Let h(c) = -c**2 + 12*c - 26. What is the remainder when 1 is divided by h(9)?
0
Suppose t + 25 = 4*f - 0*f, -2*t - 62 = -2*f. Let o = t - -61. Let j = o + -19. What is the remainder when j is divided by 4?
1
Let a(r) = -r**2 + 22*r - 44. What is the remainder when 142 is divided by a(6)?
38
Suppose 4 = 14*q - 12*q. Suppose -k - q*h + 78 = 0, -k + 9 + 51 = -4*h. Suppose 13*t - 10*t - k = 0. What is the remainder when 46 is divided by t?
22
Suppose m + 11 = -4*a + 60, -2*a + 22 = -2*m. Calculate the remainder when (-284)/(-6) + a/(-36) is divided by 10.
7
Suppose 4*r + 16 = -52. Let c(b) = 3*b + 55. Calculate the remainder when 20 is divided by c(r).
0
Suppose -5*r - 15 + 25 = 0. Calculate the remainder when (-12)/r*(2 + (-23)/3) is divided by 4.
2
Let j = -68 - -36. Calculate the remainder when 93 is divided by ((-57)/(-4))/((-24)/j).
17
Calculate the remainder when 2086 is divided by 2652/72 + -12 + (-10)/12.
22
Suppose -2*l + 2*t = -68, 4*l = 3*l + 4*t + 19. Calculate the remainder when 77 is divided by l.
38
Let u = 70 + -42. Let v be 16/48 - (-8)/6*2. Suppose -v*q - 156 = -3*x, -4*q - q + 10 = 0. What is the remainder when x is divided by u?
26
Let k(r) = 2*r**2 - 8*r + 4. Suppose 5*c - 8 = -f, 0*c = 4*c + f - 7. Let a(v) = 7*v**3 + v**2. What is the remainder when k(5) is divided by a(c)?
6
Suppose 4*d - 36 = -4. What is the remainder when ((-1274)/(-98))/(1/3) is divided by d?
7
What is the remainder when ((-12)/5)/(-2)*150/12 is divided by 4?
3
Suppose 5*f - 200 = 2*j, j + 160 = -19*f + 23*f. What is the remainder when 216 is divided by f?
16
Suppose 8*o - 572 = -3*k + 4*o, -935 = -5*k - 3*o. Calculate the remainder when k is divided by 58.
10
Let k(a) = a + 23. Let u(z) = -z**2 + 6*z - 10. Let n be u(7). What is the remainder when 16 is divided by k(n)?
4
Let i(f) = -f**2 + 16*f - 13. Let a be i(13). Calculate the remainder when ((-22)/6)/(a/(-936)) is divided by 15.
12
Suppose 5*r + 14 = 8*m - 4*m, 2*m + 5*r = -8. Calculate the remainder when 60 - -6*((-12)/8 + m) is divided by 20.
17
Let a(m) = 18*m + 346. Calculate the remainder when 170 is divided by a(-19).
2
What is the remainder when 101 is divided by ((-12)/(-24))/(1/14)?
3
Let a(p) = 0*p - p**3 + 6 + 5*p + 5*p**2 + p. Calculate the remainder when a(6) is divided by 152*8/64 - 16.
0
Suppose 8*h - 15 = 7*h. Calculate the remainder when 164 is divided by h.
14
Let d(f) be the second derivative of f**4/12 - f**3/3 + 7*f**2 - f. Let g = 31 - 25. What is the remainder when d(g) is divided by 13?
12
Suppose 4*b = -12, 4*y - 52 - 156 = -4*b. Suppose a = -4*a + y. Let z = a + -10. Calculate the remainder when 1 is divided by z.
0
Let i be (-112)/(-21) - (-4)/6. What is the remainder when 56 is divided by i/14 + (780/(-14))/(-3)?
18
Let h(c) be the first derivative of -5*c**2/2 - c - 3. Calculate the remainder when 8/(-6) + (-4)/(12/(-55)) is divided by h(-2).
8
Suppose 3*c - 106 = 224. Suppose -4*b + 352 = -4*q, -92 = -b - q - 0*q. Suppose 3*i = b - 6. What is the remainder when c is divided by i?
26
Suppose o + c - 11 = 0, 0 = -5*o + 5*c + 57 + 48. Let s(v) = v**2 - 70*v + 354. Calculate the remainder when s(65) is divided by o.
13
Suppose 133*j + 280 = 153*j. Calculate the remainder when 54 is divided by j.
12
Suppose -3*j + 50*j - 2303 = 0. Calculate the remainder when 293 is divided by j.
48
Suppose -7*i = -12*i + 10. Suppose i*n - 148 = -4*j, 3*n + 3*j = -j + 216. What is the remainder when n is divided by 14?
12
Let p(a) = 2*a**3 + 11*a**2 + 15*a + 60. What is the remainder when 279 is divided by p(-5)?
9
Let i 